{"id":440,"date":"2023-12-12T23:22:24","date_gmt":"2023-12-12T23:22:24","guid":{"rendered":"https:\/\/fajasboheme.com\/?post_type=product&#038;p=440"},"modified":"2025-12-06T04:28:49","modified_gmt":"2025-12-06T04:28:49","slug":"7010","status":"publish","type":"product","link":"https:\/\/fajasboheme.com\/index.php\/product\/7010\/","title":{"rendered":"7010"},"content":{"rendered":"","protected":false},"excerpt":{"rendered":"<p>Panty tipo cals\u00f3n en Powernet de alta compresi\u00f3n forrado en Lycra algod\u00f3n, gl\u00fateo cerrado en lycra algod\u00f3n, con el\u00e1stico de 2 cms a la cintura.<\/p>\n","protected":false},"featured_media":468,"comment_status":"open","ping_status":"closed","template":"","meta":{"_et_pb_use_builder":"","_et_pb_old_content":"","_et_gb_content_width":""},"product_cat":[33],"product_tag":[],"_links":{"self":[{"href":"https:\/\/fajasboheme.com\/index.php\/wp-json\/wp\/v2\/product\/440"}],"collection":[{"href":"https:\/\/fajasboheme.com\/index.php\/wp-json\/wp\/v2\/product"}],"about":[{"href":"https:\/\/fajasboheme.com\/index.php\/wp-json\/wp\/v2\/types\/product"}],"replies":[{"embeddable":true,"href":"https:\/\/fajasboheme.com\/index.php\/wp-json\/wp\/v2\/comments?post=440"}],"wp:featuredmedia":[{"embeddable":true,"href":"https:\/\/fajasboheme.com\/index.php\/wp-json\/wp\/v2\/media\/468"}],"wp:attachment":[{"href":"https:\/\/fajasboheme.com\/index.php\/wp-json\/wp\/v2\/media?parent=440"}],"wp:term":[{"taxonomy":"product_cat","embeddable":true,"href":"https:\/\/fajasboheme.com\/index.php\/wp-json\/wp\/v2\/product_cat?post=440"},{"taxonomy":"product_tag","embeddable":true,"href":"https:\/\/fajasboheme.com\/index.php\/wp-json\/wp\/v2\/product_tag?post=440"}],"curies":[{"name":"wp","href":"https:\/\/api.w.org\/{rel}","templated":true}]}}